d h?
8
Let x be 8/((-192)/12)*(-3 - 613). Calculate the highest common divisor of 448 and x.
28
Let x = 201 + -118. Suppose -19*v + x = -88. Calculate the highest common divisor of v and 6.
3
Let i be 6/(-7) - 5068/(-196). Suppose -i = 6*w - 97. Let o be 95 - -1 - (-2 - -2). Calculate the greatest common factor of w and o.
12
Let g be (1 - (-1 - 15/(-6)))*-2. Let j be (3/3 + g)*2. Suppose 0 = 39*z - 40*z + 44. Calculate the greatest common divisor of j and z.
4
Let n = 810 - 760. Let j = 15 - -75. Calculate the greatest common divisor of n and j.
10
Let d(q) = -2*q**3 + 17*q**2 + 9*q - 12. Let h be d(9). Let r be 39 + 0 + 2 + 24/h. Calculate the highest common divisor of r and 3.
3
Let r be 14*((-1 - (-4487)/70) + 8/20). Calculate the highest common divisor of r and 21.
7
Let n be (8 - 114/15) + 1156/10. Let q = -98 + n. Suppose 0 = 4*w + 50 - 410. Calculate the greatest common factor of q and w.
18
Suppose 0 = 2*n + 3*v - 330, 2*n - 78 = v + 228. Calculate the highest common factor of n and 354.
6
Let v be 780/(-45)*(-1272)/32. Calculate the highest common factor of v and 265.
53
Let w = 15 + 1. Let n be -2*10 + ((-38872)/43)/(-2). What is the highest common divisor of n and w?
16
Let s be (6 + 1)/(2/6). Suppose 163*g + 17449 = 82486. Calculate the greatest common factor of s and g.
21
Suppose n = 4*s - 523 + 565, 0 = 5*n + 2*s - 320. Calculate the highest common factor of 31 and n.
31
Let t be (-1)/(40/15 - 3). Suppose -5*s + 10*s = -3*l + 66, -t*s = 9. What is the greatest common factor of 18 and l?
9
Let n(v) be the third derivative of -v**4/8 - 7*v**3/2 - 13*v**2. Let x = 17 - 30. Let z be n(x). Calculate the greatest common factor of 27 and z.
9
Let a be 20/350 + 117872/140. Let k = a - 806. What is the highest common factor of k and 27?
9
Let z = -1349 + 1350. Let y = 3 + -2. Let c be (12 - y) + 0 - 3. What is the greatest common divisor of z and c?
1
Let d be -27 - -4*(-27)/(-18). Let t be 1140/84 - 9/d. Suppose -3*x + x + 5*i + 17 = 0, 2*x = i + 37. What is the greatest common factor of x and t?
7
Let s(b) = 6*b**2 - b + 2. Let a be s(-1). Suppose -q + a = -17*j + 16*j, -q + 17 = -3*j. Calculate the greatest common divisor of 125 and q.
5
Let r(q) be the second derivative of -161*q**5/10 + q**4/6 + 5*q**3/6 + 2*q**2 - 109*q. Let c be r(-1). What is the highest common divisor of c and 17?
17
Suppose 2*w - 188 - 312 = 0. Suppose -86*m = r - 89*m - 115, 5*r - 5*m - 525 = 0. Calculate the greatest common divisor of w and r.
50
Suppose -3*h - h + t + 508 = 0, 4 = t. Let i be (4*(-8)/(-32))/(2/16). Calculate the highest common divisor of i and h.
8
Let w(g) = g**3 + 16*g**2 - 109*g - 40. Let l be w(-21). What is the greatest common factor of 172 and l?
4
Let q(z) = 16*z**2 + 10*z - 850. Let d be q(-19). Calculate the greatest common divisor of 74 and d.
74
Let v(f) = -72*f**3 + f**2 + 6*f + 6. Let z be v(-2). Let n = z + -546. Calculate the greatest common divisor of 77 and n.
7
Let i be 390/18 - 6/9. Let w = 15 - i. Let p be 43/6 - w/(-36). What is the greatest common factor of p and 42?
7
Let n(z) = z**2 + 9*z - 4. Let h be n(-10). Let s be 81 + -43 + -1*h. What is the highest common divisor of s and 2?
2
Let f = -161 - -285. Let h = 187 - f. What is the greatest common factor of 567 and h?
63
Suppose f - 40 = -c, c + 3*c = -6*f + 232. Calculate the highest common divisor of 80 and f.
4
Let z(k) = k**2 - 1. Let v(l) = 4*l**2 - 21. Let j(c) = v(c) - 3*z(c). Let q = 98 - 103. Let f be j(q). Calculate the highest common factor of f and 7.
7
Let s(r) = 2*r - 36. Let j be s(55). What is the highest common factor of 10 and j?
2
Let o be 507/6 + -5 + (-66)/(-12). Let j be -28 + 30 - (1 + -33). What is the greatest common factor of o and j?
17
Suppose -i = -x + 11, -2*i = -x - 3*x + 40. Suppose -3*t - d = 3*d - x, 38 = 5*t - d. What is the highest common divisor of t and 7?
7
Let k(l) = -l**2 - 12*l - 48. Let h be k(-14). Let c = h - -197. Calculate the highest common divisor of 11 and c.
11
Let y = 112 - 110. Suppose y*a + 268 = -4*p, 5*a + 4*p + 0*p = -670. Let g = -56 - a. What is the greatest common factor of g and 52?
26
Let w be (-4 - -59) + 1 + 3. What is the highest common factor of 236 and w?
59
Suppose r + 259 = 2*l, -5*r + 157 = 2*l - l. What is the greatest common factor of l and 748?
44
Let c = 3581 - 3056. What is the highest common divisor of c and 75?
75
Suppose h = 2*o + 6 - 72, -3*o + 3*h + 102 = 0. Let f = 14807 + -14423. What is the highest common factor of o and f?
32
Let k(x) = 2*x**2 - 6*x - 18. Let l be k(5). Suppose 63 = 5*n + l*n. What is the greatest common factor of n and 2?
1
Let v be (60/(-45))/(2/((-18)/(-3))). Let g be 830 + (-45)/10 + 6/v. Calculate the greatest common divisor of g and 8.
8
Suppose 3*u + 6*b - 10 = 59, 4*u = -4*b + 88. Calculate the highest common factor of u and 791.
7
Let y = -22263 + 22611. What is the highest common factor of 54 and y?
6
Let f be -35*1*(-23 + 4). Suppose -5*j + 273 + 328 = 126. What is the highest common divisor of f and j?
95
Let m = 5444 + -5154. What is the greatest common divisor of 2204 and m?
58
Let v(s) be the first derivative of 6 - 1/3*s**3 + 54*s - 1/2*s**2. Let w be v(0). What is the greatest common divisor of w and 36?
18
Let t(w) = 2*w**3 - w**2 - 6*w + 9. Let m be (2 + 1)*(-4)/30*-5. Let h be t(m). What is the greatest common factor of h and 234?
9
Let c be 102/27 + (-2)/(-9). Suppose 0 = -5*q + c*q + 27. Suppose 3*v - 28 + 7 = -2*a, 2*a - 3 = -v. What is the highest common divisor of v and q?
9
Suppose 2*c - 76 + 18 = 0. Suppose x = -3*o + 33, -4*x + 16*o - 15*o + 106 = 0. Suppose 0 = c*w - x*w - 48. Calculate the highest common divisor of 6 and w.
6
Suppose -7*n + 5*n - 4*j + 334 = 0, 2*j + 340 = 2*n. Suppose -178*d + 1782 = -n*d. Calculate the highest common factor of d and 11.
11
Suppose 5*u = 16*u - 4653. Let v be (6/(-2) - -5) + 1/1. Suppose -41 = -z - v*r, r = -2*r - 6. What is the highest common factor of z and u?
47
Let j(q) = -2*q**2 + 61*q + 426. Let a be j(33). What is the greatest common factor of a and 180?
9
Let f(z) = 7*z**2 - 16*z + 5. Let w be f(5). Let r = w - 68. Calculate the greatest common factor of r and 12.
4
Suppose 52*b + 39424 = 66*b. Calculate the highest common divisor of b and 4096.
256
Suppose -3*n - 7*n = 10. Let m(r) = -51*r + 15*r**2 - 52*r + 2 + 105*r. Let a be m(n). What is the highest common divisor of 5 and a?
5
Let z(h) = 35*h**2 + 1. Let u be z(1). Suppose 3*x = f + 7*x - 196, 5*f - 880 = 5*x. Calculate the highest common divisor of u and f.
36
Let x = 19045 - 18700. What is the greatest common factor of 405 and x?
15
Let g be 4*1 - -12*(-901)/(-68). Suppose 9 = -7*t + g. Let y = 16 - 5. What is the highest common divisor of t and y?
11
Let o(x) = -x**2 + 24*x - 12. Suppose 26 - 2 = 12*f. Suppose f*i + 63 = 5*i. Let c be o(i). Calculate the greatest common divisor of c and 17.
17
Let j = 14759 + -14619. Calculate the greatest common factor of 5250 and j.
70
Let k(f) = 39*f**2 - 3*f - 10. Let a be k(2). What is the greatest common factor of 1015 and a?
35
Let c be ((-36)/(-45))/(4/110). Suppose -3*z = -3*t, -3*t = 4*z - 4*t - 12. Let y be 40/z*33/6. Calculate the greatest common divisor of y and c.
11
Let y = 17928 - 5777. What is the greatest common factor of y and 29?
29
Suppose -2*a + 2 = 4*s - 2, -2*s + 26 = -5*a. Let v be (-1)/(s/(-30))*1. Suppose 269*o - 3995 = 6765. What is the highest common factor of v and o?
10
Let d be 148/10 + (-16)/(-80). Suppose -3*i = 3*p + 60, 4*p - 9*i + 116 = -4*i. Let r = -18 - p. Calculate the greatest common factor of d and r.
3
Suppose 5*d - 1268 = -69*d - 232. What is the highest common divisor of d and 21406?
14
Let u be (48/(-5))/(12/(-40)). Let m(v) = -2*v**2 + 10*v - 6. Let j be m(4). Suppose -149 = -j*r + 299. Calculate the greatest common divisor of u and r.
32
Let l be 4/(-22) + 210/(-77)*-223. Suppose 10*i - l - 262 = 0. Let a = i + 5. What is the greatest common divisor of a and 69?
23
Let c(k) = 6*k**2 - 3*k - 2. Let z be c(-6). Let w = z + -212. What is the greatest common divisor of w and 4?
4
Let n be (22 - 23)*(-2 + -40 + 2). Let f be (8/20)/((2/800)/1). Calculate the greatest common factor of n and f.
40
Let d(o) = -11*o + 113. Let y be d(11). Let r be (-44 + -1)*y